-49 + 4)?
18
11 + -10 - (3 - 9) - (0 - -18)
-11
What is the value of (-1 - 13) + ((-1 - -1) + 0 - -2)?
-12
What is 44 + -68 - -37 - (1 - 11)?
23
What is the value of -3 + 8 + -100 + 115?
20
What is the value of -303 + 315 + (-1 - -1)?
12
3 + -45 - (-88 + 72)
-26
Calculate ((1 - 15) + -6 - -5) + (-16 - -10).
-21
-15 + (-20 - -11) + 10
-14
What is (-1 + -1 - (-19 - -14)) + -10 + 13?
6
11 + 2 - 9 - -5
9
21 + (-5 - 1) - 13
2
What is the value of -22 + 11 + -7 + 2?
-16
Calculate 13 + -12 + 2 + 1.
4
Calculate (-50 - -10) + 28 + (-1 + -1 - 1).
-15
(-4 - -1) + -8 + 12
1
What is 11 + -12 + 4 + (0 - (-5 + 3))?
5
What is the value of 34 - (-3 + 7 + 6) - (1 + 0)?
23
What is the value of -9 - (-14 + 7) - 18?
-20
Evaluate -4 + (-4 - (-10 + 15)).
-13
What is (9 - 4) + (-11 - 1) + -10?
-17
What is the value of (4 - 2) + 14 - (-1 - -3) - 1?
13
Evaluate (10 - 2) + (-15 + 2 + 8 - -11).
14
Evaluate -25 - (-4 - 25) - (0 - 10).
14
What is the value of -7 + (2 - 5) - -15 - (5 + -2)?
2
5 + (-14 - -14) + -10 + (1 - 7)
-11
Evaluate 0 - ((2 - 11) + 7 + 16 + -19).
5
What is 62 - 37 - (2 + 8)?
15
What is 1 + -6 - (-4 + 13 - 12 - -8)?
-10
Calculate 6 + (5 - 3) + 7 - 5.
10
What is the value of -3 + (-26 + -17 - -20)?
-26
(3 - (-4 - 0 - -8)) + -132 + 106
-27
What is -6 - (3 - (-7 - -12) - 3)?
-1
What is the value of -68 + (21 - (33 + -27)) - (0 - 12)?
-41
Evaluate (76 + -83 - (-34 + -2)) + (5 - 4).
30
What is the value of (-3 - (-4 + -11)) + -18?
-6
Evaluate (11 - -3) + -5 + 13 + -4 + -5.
13
Evaluate (-6 - (-4 + 6)) + 12 + 9.
13
3 + (-2 - 0) - -4 - (63 - 67)
9
Evaluate -8 + (25 - 4 - 3) - (0 + -1).
11
What is -8 + (-17 - -35) + -17?
-7
What is the value of (-2 - (-16 - -19)) + 36 + -17?
14
(0 + -1 - (-33 - -23)) + (-7 - -22)
24
What is 10 - (-5 - (-3 + (18 - 0)) - -5)?
25
What is 21 + 0 + -22 - (-8 + 2 - 2)?
7
Evaluate -6 - (2 - 7 - (-16 + 13 - 6)).
-10
Calculate 9 - (39 + (-15 - -12)).
-27
-1 - (0 + 4) - (3 - 18)
10
What is the value of -4 + -38 + (-19 - -24)?
-37
Evaluate (7 + -2 - 40) + 20.
-15
What is (2 - 9) + 168 + -161?
0
2112 - 2155 - (-1 - 10)
-32
What is (16 - (6 + -7)) + -20?
-3
Evaluate -10 + 44 + -16 - 12.
6
13 + 2 + -22 + (2 - -40) + -4
31
Calculate 20 - (-23 - -9 - -20).
14
Calculate 2 + 10 - (48 - 26).
-10
What is the value of 16 + -2 + 5 - 0?
19
What is -2 + 0 + -1 - (4 + -26 + 28)?
-9
What is -16 + 3 + (-1 - -3)?
-11
What is 17 - (-2 + 2) - (-57 + 65)?
9
What is the value of 4 - 23 - ((-8 - (8 - 9)) + -4)?
-8
What is the value of 8 + 0 + (11 - 18)?
1
What is the value of -9 + (-3 - (-2 + (2 - 8) - -4))?
-8
7 + (6 - 4) + -7 - (11 - 17)
8
What is the value of -9 + 20 + (-45 - (0 + -7)) + 6?
-21
What is 47 - (28 + (-29 - -25))?
23
Evaluate -6 + (1 + 0 - (94 - 98)).
-1
What is -3 + -1 + (56 + -79 - (-1 + -12))?
-14
Evaluate -1 - (16 + (0 + 1 - (82 - 77))).
-13
Evaluate (13 - (8 + 4)) + 6 + 7.
14
Calculate 5 - 0 - (-10 + 12 + 5 - -2).
-4
Calculate 40 + (46 - 0 - 52).
34
Calculate (99 - 100) + -1 + -11.
-13
What is the value of -4 - (38 + -49 + 17 + -3)?
-7
What is the value of 21 - (26 - (-13 - -23))?
5
Calculate -1 + 18 + (-8 + -6 - -7).
10
-6 + 21 + 2 + -3
14
Evaluate 25 + (38 - 30 - 11).
22
-1 - 3 - (7 - 3 - 10)
2
(-53 - -48) + (4 - -1 - 5)
-5
Evaluate 10 + -10 + (-1 - 1) + (87 - 85).
0
Evaluate -82 - -75 - (-2 + 26).
-31
What is -15 - (8 + 3 + -26)?
0
(20 + (3 - 14) - (2 + -24)) + -9
22
What is 5 - ((-4 - -7 - -3) + (7 - 1))?
-7
What is the value of -1 + 0 - (15 + 5 + -12 - 6)?
-3
Evaluate 5 + 1 + -14 + 11 - (1 + -5).
7
8 + (20 - -4 - -2) + -125 + 119
28
What is the value of -12 - (-3 - (9 - 0))?
0
Evaluate 64 + -66 - (-1 - 1) - 7 - 0.
-7
Evaluate 1 + (1 + 4 - 4) - (22 + -24).
4
What is the value of (1 + 18 - 29) + 24?
14
What is the value of (-1 - -24) + -32 + -3?
-12
4 - 3 - (-74 + 95)
-20
Calculate (-2 + 22 + -9 - 3) + 8.
16
What is -17 - (13 - (12 - -12))?
-6
What is (-3 - (-7 + 9)) + (12 - (6 + 1))?
0
Evaluate -8 + 21 + -17 + (-1 - -2).
-3
Calculate -1 + 1 + -1 + (1113 - 1100) - 6.
6
Calculate (17 - 2) + 4 + 14 + -25.
8
What is 8 - 11 - (-4 + -4) - (-2 + 1)?
6
What is the value of -2 - (0 + (-11 - -5)) - 9 - -17?
12
What is the value of 3 - 0 - (29 + -23)?
-3
What is the value of -15 + (-8 - -30) - 5?
2
Evaluate 17 + (-14 + (2 - -4) - (-3 + 0)).
12
What is the value of (9 - -2) + (3 - 5) + 16?
25
What is the value of -3 + (22 - 33) - -42?
28
Evaluate (6 - 9) + -45 - (-24 - -7).
-31
What is the value of -7 - (6 - 16) - 1?
2
(-12 - -7 - -22) + -8
9
What is the value of 72 + -67 - (-4 + -10) - 3?
16
What is the value of -107 + 132 + 4 + (-2 - -6 - 19)?
14
(3 - (2 - (-2 + 14) - -5)) + -2
6
Calculate -1 + -3 + -2 - 5.
-11
-15 + 19 - (-2 + 6 - -5)
-5
-20 + (17 - -4) + 5 - -12
18
What is the value of (2 - (6 - -8) - -6) + -1 + -2?
-9
What is (9 - 2) + (-43 - -33)?
-3
Evaluate (-4 - -8) + -10 - -18 - 6.
6
28 - (2 - -2) - (-3 + 11 + -2)
18
What is the value of 3 + (0 + 4 - -4) + -7 + 1?
5
What is the value of -25 + 26 - (2 - (-30 - -1))?
-30
Evaluate -12 - ((-494 - -482) + 1 + -1 + 13).
-13
Evaluate 16 + (7 + -6 - 11) + 14.
20
Evaluate -7 + 1 - -6 - -6 - (4 - -2).
0
Evaluate 2 + 6 + (-27 + -8 - -36).
9
What is (-2 - -8) + (4 - (3 - -12 - -5))?
-10
-10 + 0 + (-673 - -699)
16
What is the value of -7 - (-21 + (-25 - -50))?
-11
(34 - -7) + 24 + -35
30
What is the value of -7 - (21 + -7 - 11)?
-10
-24 + -2 + 15 + 0
-11
What is the value of 19 + (1 - (-1 + 11))?
10
What is the value of 58 + -57 + (2 - -9)?
12
(-2 - -1 - -12) + (-233 - -231) + -1
8
Calculate (5 + 3 + 1 - (-5 + 8)) + 9.
15
What is the value of -128 + 111 + (-2 + -1 - -6)?
-14
Evaluate -53 + 56 + (3 - (-4 + 1)).
9
What is -12 + 6 - 5 - -16?
5
Evaluate 26 + -6 + 12 + -32.
0
What is the value of 6 + -14 - 6 - -2?
-12
Evaluate -22 - (-17 - 2) - (-13 + 1).
9
(-10 - -6) + -5 + 3 + 11
5
What is (-120 - -108) + (3 - -2)?
-7
What is 18 + (-9 - -16) + -27?
-2
Evaluate 15 + (36 - -6) + -31.
26
8 - (17 + -11) - 14
-12
What is the value of 24 + -24 + 17 + -1 + -5?
11
(9 - (-3 - -5)) + 29 + 15 + -38
13
Calculate 10 + 3 + (-12 + 11 - -2) + 4.
18
Evaluate 0 + -57 + 63 + (-3 - -21).
24
Evaluate 11 - (12 + -9 + 11).
-3
Calculate -29 + (-7 + 16 + -17 - -9).
-28
0 + 1 - -2 - (-8 - (-15 - 5))
-9
15 + 28 + -15 - 15
13
Evaluate -5 - (9 - -1 - (-15 + (4 - -12))).
-14
-33 - (5 + -14 + -28 - -20)
-16
Evaluate -6 - -13 - (0 - (3 - 3)) - 5.
2
Calculate 5 - (4 + (12 + -22 - -13)).
-2
Calculate 1 - 14 - ((69 - 61) + -3).
-18
Evaluate 5 - -5 - ((44 - (9 - -2)) + -6).
-17
Evaluate 10 - (-16 + (-1 - -9) - 5).
23
What is -9 - (-17 - 3) - -1?
12
Calculate -18 + 3 + (-8 - (-6 - 8)) - 3.
-12
What is 2 + (0 - 3) + (15 - 27) + 23?
10
Evaluate -15 + 25 - ((0 - 11) + 20).
1
What is the value of -79 + 83 + 0 + -3 + 7?
8
-16 - (-11 + 1 + -11 + 13 - -9)
-17
What is 22 + (-27 - -41 - 17)?
19
What is the value of 0 - -5 - (-17 + 14 + -21 + 20)?
9
3 - (-3 + (1 - 6) - -7 - 0)
4
What is the value of -6 - (0 - -3) - (25 - 18)?
-16
Evaluate -15 - (-12 + (19 - 22)).
0
Calculate 2 - (-7 - -9) - 6.
-6
(3 - 0) + -92 + 97 - 11
-3
Calculate (44 - -10 - 49) + (-8 + 1 - 0).
-2
What is (-2 - (-2 - -6)) + 0 + -2 - -4?
-4
What is the value of -13 - (-81 + 38 + 16)?
14
Calculate -1 + (-3 - -2 - (27 + -14)).
-15
Calculate -10 + 2 + 6 + (12 - 14 - -2).
-2
Evaluate -3 + 3 + -2 + (3 - (-11 + 10)).
2
-30 + (-9 - 8 - -25)
-22
Evaluate -4 - (3 - (0 + (1 - -9))) - 17.
-14
Calculate 36 + (6 + -25 - 2).
15
Evaluate 3 + -1 - ((-8 - 4) + 10).
4
Calculate 3 + 7 - (8 + -7 - -4).
5
What is the value of -7 + (3 - 3) + 12 + 9 - 7?
7
-8 + 4 - (-8 + -4 + 0 + 2)
6
Calculate -2 + (9 + -22 - -5 - 2) - 7.
-19
What is the value of 24 + 2 + (-76 - -33)?
-17
What is (32 - 20) + -33 - -32?
11
What is the value of -2 - 3 - 2 - -5?
-2
5 + (15 - (-18 + (41 - -11)))
-14
Calculate -14 + (3 - (-16 + 10 - -4)).
-9
Calculate -9 + -1 + -22 + 28.
-4
(-3 - -4) + (11 - (-3 + 1 + 5))
9
6 - (2 + 19) - -26
11
126 + -116 + (-7 - 2)
1
What is 3 - (-11 - (-32 - -1))?
-17
Calculate -12 + 13 - (16 + -19).
4
Calculate -77 - -86 - ((0 - -2) + 5).
2
What is the value of (14 - (26 + -10)) + 20?
18
Evaluate (12 - (-8 + (5 - -12))) + -3.
0
What is the value of (43 - 14) + -11 + (-5 - 2)?
11
Calculate -8 - (20 + 1 + -7 - 10).
-12
What is the value of -18 + 0 - (55 - (51 - 14))?
-36
Evaluate 28 + -2 + -71 + 34.
-1